 7. What is a(-3)?
19
Let c(w) = 6*w - 8. Calculate c(-2).
-20
Let v(i) = i**3 - 11*i**2 - 12*i + 11. Calculate v(12).
11
Let d(b) = -2*b**2 - 6*b + 1. What is d(-5)?
-19
Let g(i) = 4*i - 19. Calculate g(3).
-7
Let j(o) = 5*o - 36. What is j(7)?
-1
Let a(p) = p**3 - 9*p**2 - 4*p - 12. Determine a(10).
48
Let z(p) = -4*p + 49. Give z(14).
-7
Let g(x) = x - 25. Give g(16).
-9
Let g(n) = n**3 - 2*n**2 - 2*n + 1. Determine g(3).
4
Let f(o) = o + 11. Determine f(14).
25
Let c(q) = 3*q**2 - 46*q + 14. Give c(15).
-1
Let y(x) = -11*x + 41. Calculate y(10).
-69
Let n(q) = -q**3 - 5*q**2 + 1. Calculate n(-2).
-11
Let j(d) = -d**3 + d - 6. What is j(0)?
-6
Let y(k) = 3*k - 16. Give y(7).
5
Let w(c) = c - 8. Determine w(3).
-5
Let t(a) = 2*a**2 - 4*a - 15. Determine t(-6).
81
Let d(i) = -4*i + 92. Give d(26).
-12
Let t(q) = -3*q**2 + q + 4. Calculate t(-2).
-10
Let p(m) = 4*m + 34. Calculate p(-5).
14
Let q(p) = -p**2 + 3*p - 4. Determine q(6).
-22
Let t(z) = -24*z**2 + z + 1. Calculate t(-1).
-24
Let w(m) = -m**3 - 6*m**2 + 3*m + 3. What is w(-6)?
-15
Let x(b) = b**3 - 24*b**2 + 23*b. Give x(23).
0
Let s(v) = -v**3 - 12*v**2 + 12*v + 7. Determine s(-13).
20
Let y(n) = n**3 + 47*n**2 - 101*n - 151. What is y(-49)?
-4
Let p(k) = -k**2 + 11*k. Determine p(11).
0
Let g(t) = -2*t + 6. Give g(7).
-8
Let z(x) = -4*x - 6. Calculate z(-4).
10
Let m(i) = -i**3 + 3*i**2 - i + 1. Give m(1).
2
Let l(t) = -5*t - 252. Determine l(-49).
-7
Let g(p) = -p**2 - 2*p + 1. Determine g(-3).
-2
Let x(r) = 2*r - 10. Calculate x(7).
4
Let f(q) = -q**3 + 3*q**2 + 7*q + 4. Calculate f(6).
-62
Let u(z) = -3*z + 41. What is u(13)?
2
Let c(o) = 74*o + 376. Determine c(-5).
6
Let o(h) = h**2 + 10*h - 24. Calculate o(-13).
15
Let u(g) = -g**2 - 15*g - 39. What is u(-14)?
-25
Let s(q) = q**2 - 9*q + 3. Determine s(10).
13
Let r(p) = -62*p + 7. What is r(2)?
-117
Let x(l) = 5*l**2 - 55*l - 3. Give x(11).
-3
Let z(a) = 14*a - 41. Calculate z(6).
43
Let p(s) = s**3 + 6*s**2 - 6*s + 13. Calculate p(-7).
6
Let i(s) = -s - 13. Give i(-14).
1
Let c(j) = -3*j**2 - j - 2. Calculate c(-2).
-12
Let n(l) = -3*l**2 - 5*l - 4. What is n(-3)?
-16
Let v(m) = m**3 - 8*m. Give v(3).
3
Let d(j) = -2*j**2 + 13*j + 35. Determine d(-2).
1
Let u(a) = -a - 50. What is u(-36)?
-14
Let z(v) = v**3 - 2*v**2 + 7*v - 33. Determine z(3).
-3
Let k(q) = q - 1. Calculate k(1).
0
Let i(x) = 5*x + 156. What is i(-28)?
16
Let c(z) = -z**2 + 5*z - 11. Determine c(2).
-5
Let j(x) = -2*x**2 - 37*x - 39. What is j(-18)?
-21
Let c(s) = -s**2 + 8*s - 7. Calculate c(4).
9
Let i(q) = -48*q**3 + q**2 + q - 1. Determine i(1).
-47
Let b(k) = -k**3 - 2. Calculate b(0).
-2
Let s(z) = z**3 + 20*z**2 - 4*z - 84. Give s(-20).
-4
Let m(q) = 81*q - 157. What is m(2)?
5
Let f(b) = b + 19. Give f(-12).
7
Let s(o) = -o**2 - 8*o - 9. What is s(-3)?
6
Let l(x) = -x**3 - 5*x**2 + x - 13. Calculate l(-6).
17
Let f(n) = -24*n**2 + n - 1. What is f(1)?
-24
Let c(r) = 12*r - 12. What is c(2)?
12
Let i(p) = p**3 - 26*p**2 + 104*p + 18. Determine i(21).
-3
Let y(j) = -2*j**2 - 6*j + 12. Give y(5).
-68
Let o(z) = z**2 + 7*z + 1. Determine o(-7).
1
Let u(a) = 115*a + 3335. Determine u(-29).
0
Let h(t) = -4*t - 21. Determine h(-4).
-5
Let s(a) = -2*a**3 - a**2 + a - 1. Calculate s(-2).
9
Let r(q) = q**3 - 11*q**2 + 9*q - 5. Calculate r(10).
-15
Let f(r) = r**2 + 4*r + 5. What is f(-3)?
2
Let s(y) = -y**3 - 17*y**2 - 15*y + 20. What is s(-16)?
4
Let u(k) = -2*k**2 + k + 52. Calculate u(-5).
-3
Let b(r) = -32*r + 8. Calculate b(-1).
40
Let i(y) = -69*y**2 + 2*y. Calculate i(-1).
-71
Let m(p) = -p - 9. Give m(-18).
9
Let u(o) = 2*o**2 - 7*o + 3. What is u(-7)?
150
Let w(p) = -p + 5. What is w(4)?
1
Let d(h) = -h**3 - 5*h**2 + 26*h + 18. What is d(-8)?
2
Let d(b) = b**2 + 38*b + 142. Determine d(-34).
6
Let x(n) = -n**3 - 31*n**2 - 4*n - 22. What is x(-31)?
102
Let v(m) = m**3 + 3*m**2 + 9*m + 9. Give v(-2).
-5
Let m(a) = a**3 - 16*a + 2. Calculate m(4).
2
Let n(b) = 3*b + 38. Give n(-15).
-7
Let c(g) = 19*g + 533. Determine c(-28).
1
Let p(s) = -s**2 - 26*s - 13. What is p(-26)?
-13
Let l(h) = -8*h. Determine l(-1).
8
Let z(j) = -j**3 - j**2 + 2*j - 7. Calculate z(0).
-7
Let n(g) = -g**3 + 13*g**2 + 10*g + 5. What is n(14)?
-51
Let b(g) = 5*g + 45. Determine b(-6).
15
Let z(w) = 8*w - 1. Give z(1).
7
Let s(u) = -5*u - 3. Determine s(-2).
7
Let o(y) = y**3 - 19*y**2 + 35*y - 22. Calculate o(17).
-5
Let v(x) = -x**3 + x + 5. Determine v(0).
5
Let o(v) = -v - 29. What is o(-16)?
-13
Let d(u) = -3*u**2 - 29*u - 17. Give d(-10).
-27
Let i(j) = 4*j - 58. What is i(13)?
-6
Let p(y) = -6*y**3 - 38*y**2 - 7*y + 3. What is p(-6)?
-27
Let r(d) = -4*d - 29. Determine r(-9).
7
Let l(c) = -4*c - 21. Determine l(-9).
15
Let d(y) = -13*y + 35. Calculate d(8).
-69
Let x(v) = v**3 - 6*v**2 - 12*v - 23. Determine x(9).
112
Let j(k) = 3*k**2 + k + 2. Calculate j(3).
32
Let s(r) = -r**3 + 7*r**2 - 8*r + 5. Give s(5).
15
Let p(q) = -3*q**2 + 5*q + 2. Determine p(3).
-10
Let q(b) = 67*b - 1. Calculate q(2).
133
Let v(w) = -w**2 + 23*w + 92. Calculate v(25).
42
Let u(k) = -31*k + 621. Determine u(20).
1
Let w(x) = 3*x + 27. Determine w(-18).
-27
Let j(o) = 2*o**3 - 8*o**2 - 15*o + 28. Give j(5).
3
Let f(x) = x**3 - 5*x**2 + 6*x - 2. Calculate f(4).
6
Let z(h) = 89*h - 2. Calculate z(-1).
-91
Let n(r) = -r - 16. Calculate n(-10).
-6
Let p(q) = q**3 - 10*q**2 + 3*q - 2. What is p(10)?
28
Let k(i) = 2*i + 11. Determine k(-10).
-9
Let k(n) = -23*n**2. Calculate k(-1).
-23
Let r(w) = -36*w**3 + w**2 + 1. What is r(1)?
-34
Let s(j) = j - 2. Give s(5).
3
Let i(d) = -d**3 + 3*d**2 + d - 4. Calculate i(3).
-1
Let i(a) = 3*a**2 + 33*a - 55. Calculate i(-13).
23
Let d(s) = 31*s - 148. Determine d(6).
38
Let u(a) = a**2 - 20*a - 17. Determine u(21).
4
Let b(p) = 5*p - 26. Determine b(7).
9
Let h(i) = 5*i + 16. What is h(0)?
16
Let w(p) = -2*p**2 - 10*p - 26. Give w(-8).
-74
Let v(j) = -j**3 + 10*j**2 - 20*j - 35. What is v(6)?
-11
Let w(u) = -50*u - 467. Calculate w(-9).
-17
Let i(r) = -r**3 + r**2 + 2*r - 3. Calculate i(2).
-3
Let r(x) = x**2 + 22*x - 310. Give r(10).
10
Let h(v) = -v**3 - 5*v**2 + 1. Calculate h(-2).
-11
Let f(d) = -2*d**2 + d - 135. Give f(0).
-135
Let w(m) = m + 17. What is w(-6)?
11
Let w(r) = 5*r + 30. Give w(-6).
0
Let y(z) = -z**2 + 3*z + 23. Calculate y(9).
-31
Let y(g) = -g**3 - 7*g**2 - 6*g + 5. What is y(-5)?
-15
Let m(z) = -4*z - 44. What is m(-9)?
-8
Let w(g) = -2*g - 23. Calculate w(-9).
-5
Let w(v) = 2*v**2 + 6*v + 15. What is w(-2)?
11
Let c(v) = v**2 + 33*v + 3. What is c(-31)?
-59
Let a(i) = -2*i**2 - 42*i + 1. Give a(-21).
1
Let q(t) = -t**3 + 8*t - 9. Give q(4).
-41
Let z(o) = -5*o + 123. Determine z(25).
-2
Let l(n) = -5*n**2 + 50*n. Calculate l(10).
0
Let v(l) = -9*l**2 - l + 6. Calculate v(3).
-78
Let m(w) = 142*w + 416. Give m(-3).
-10
Let w(t) = -t**3 - 5*t**2 - 6*t - 11. Determine w(-5).
19
Let f(a) = 4*a - 41. Calculate f(14).
15
Let p(w) = -4*w + 29. What is p(7)?
1
Let n(y) = -23*y**2 + 574*y + 25. Determine n(25).
0
Let g(a) = a**3 + 7*a**2 + a + 7. Calculate g(-6).
37
Let p(l) = l**3 - 10*l**2 + 8*l + 10. Calculate p(9).
1
Let a(w) = w**3 - 12*w**2 + 7*w + 22. What is a(11)?
-22
Let v(z) = -80*z - 3. What is v(-1)?
77
Let s(o) = o**3 - 3*o + 1. Give s(-3).
-17
Let j(p) = -5*p + 2. Give j(5).
-23
Let l(n) = 39*n + 10. Calculate l(1).
49
Let r(i) = 2*i**3 - 15*i**2 + 7*i - 3. Determine r(7).
-3
Let k(y) = -3*y - 3. Determine k(1).
-6
Let n(k) = -6*k - 12. What is n(10)?
-72
Let q(o) = -o**3 - 5*o**2 - 3*o + 6. Give q(-4).
2
Let o(b) = 10*b - 90. Calculate o(9).
0
Let q(u) = -8*u - 1. Calculate q(3).
-25
Let s(q) = -77*q + 1. Calculate s(1).
-76
Let w(l) = -l + 25. Determine w(18).
7
Let y(h) = -7*h - 109. What is y(-16)?
3
Let g(m) = -21*m - 483. What is g(-23)?
0
Let g(m) = -12*m - 187. Calculate g(-15).
-7
Let n(s) = 2*s**2 + 37*s + 23. Calculate n(-18).
5
Let x(i) = -i**2 + 7*i + 12. Calculate x(8).
4
Let m(k) = -k + 6. Calculate m(6).
0
Let n(y) = 5*y - 42. What is n(10)?
8
Let h(a) = -2*a**2 - 4*a + 39. Determine h(0).
39
Let y(g) = 12*g + 938. Calculate y(-79).
-10
Let z(v) = 4*v**2 + 40*v - 13. Calculate z(-10).
-13
Let p(z) = -z**2 + 4*z - 1. Determine p(6).
-13
Let j(r) = 9*r + 33. Calculate j(-6).
-21
Let l(g) = -12*g + 14. What is